 + 96 + 0 is divided by x(-13)?
15
Suppose -k + 3*q = 2*q, k = -2*q. Suppose k = u - 5*d - 13, 3*u - u - 46 = 5*d. Let c(z) = 2*z**2 - 7*z + 3. Calculate the remainder when u is divided by c(5).
15
Suppose 39 = 4*v - 5. Calculate the remainder when 150 is divided by v.
7
Let j = 11 + -8. Let n be j + 0 - 1/1. What is the remainder when (-29)/(-2)*(4 - n) is divided by 16?
13
Let d(z) = -z**3 - 32*z**2 - 112*z + 18. What is the remainder when 268 is divided by d(-28)?
16
Suppose 0 = 5*m - 10, -5*x - 5*m + 3499 = -8*m. Calculate the remainder when x is divided by 22.
19
Suppose -277 = -13*g + 90 + 75. Let l(d) = -67*d. What is the remainder when l(-1) is divided by g?
33
Suppose 42 = -2*n - 62. What is the remainder when (n + 6)/(2/(-4)) is divided by 24?
20
Let f be (6 - 2)*(-5)/(-2). Let u = -3 + f. Let a(k) = -k**3 + 7*k**2 + 5. What is the remainder when 12 is divided by a(u)?
2
Let g(v) = 16*v**3 - 2*v**2 - 4*v + 4. What is the remainder when g(2) is divided by 20?
16
Suppose 29 = o - p + 7, -3*p + 18 = o. What is the remainder when o is divided by 8?
5
Suppose -c + 33 = 2*a - 5*a, 160 = 4*c + 2*a. Calculate the remainder when c is divided by 6.
3
Suppose 52 = 4*s - 5*w + w, 10 = s + 2*w. Calculate the remainder when 28 is divided by s.
4
Suppose 149*z = 155*z - 372. What is the remainder when 306 is divided by z?
58
Suppose m - 9*j + 6*j - 10 = 0, -3*m - j = -70. What is the remainder when 109 is divided by m?
21
Suppose -5*f - o = 78 - 344, 164 = 3*f + 5*o. Calculate the remainder when f is divided by 15.
8
Suppose 172 + 248 = 20*w. Suppose 0 = -r - v + 44, -2*r - 5*v + 21 = -76. Let s = r - 29. What is the remainder when w is divided by s?
9
Let j = -47 - -55. What is the remainder when -2 + 21 + (j - 7) is divided by 12?
8
Let v(u) be the first derivative of 1/2*u**2 - 4 + 5*u. What is the remainder when 46 is divided by v(7)?
10
Let r be (-4)/6*120/(-16). Let b(k) = 13*k - 29. Calculate the remainder when b(r) is divided by 22.
14
Let u = -137 - -160. Calculate the remainder when 68 is divided by u.
22
What is the remainder when (-15)/(-25) + ((-3156)/(-15) - -1) is divided by 27?
23
Let c = -14 + 17. Calculate the remainder when c + 76/8*10 is divided by 9.
8
Suppose 0 = -64*f - 26*f + 2160. What is the remainder when 77 is divided by f?
5
Let n = 323 - 129. Calculate the remainder when n is divided by 18.
14
Suppose 0*t - 2*t - 2*j = -36, -3*j + 74 = 4*t. Let s = 4 + t. Calculate the remainder when 85 is divided by s.
13
Calculate the remainder when (7*(-220)/(-70))/(0 + 2) is divided by 4.
3
Suppose -3*p + 23 = 2*m + 18, 5*p = 2*m + 35. Calculate the remainder when 81 is divided by p.
1
Let x(o) = -2*o**3 - 5*o**2 + 10*o + 3. Calculate the remainder when x(-5) is divided by 9.
6
Let m(p) = p**3 + 8*p**2 + p + 3. Let n be m(-8). Let q be ((-22)/n)/(2/(-10)). What is the remainder when (-687)/(-33) - 4/q is divided by 12?
9
Let l = -931 - -2556. Calculate the remainder when l is divided by 22.
19
Suppose -4 + 34 = 6*c. Suppose 4 - 24 = 4*l, c*s = 4*l + 225. What is the remainder when s is divided by 14?
13
Suppose z - 10 = -4*z. Let b = 15 - z. Calculate the remainder when 24 is divided by b.
11
Let d(u) = -5*u**3 - 3*u**2 + 8*u - 9. What is the remainder when d(-4) is divided by 59?
54
Suppose -2*i - 3*s = -43, -5*i + i + 5*s + 97 = 0. What is the remainder when i is divided by (-27)/9*-2*2?
11
Let h = 440 + -283. What is the remainder when h is divided by 18?
13
Let p(t) = -t**3 - 3*t**2 + 6. Let l be p(-3). Suppose 0*a = l*a - 414. Calculate the remainder when a is divided by 18.
15
Let r(f) = 17*f**2 + 3*f - 5. Let v be r(4). Let c = v - 193. Let i(a) = -a**2 - 10*a - 2. What is the remainder when c is divided by i(-6)?
20
Let f = -67 + 138. Let d = f - 8. What is the remainder when d is divided by (-39)/12*(-5 - -1)?
11
Suppose -826 = 19*f - 26*f. Calculate the remainder when f is divided by 35.
13
What is the remainder when 230 is divided by ((-60)/(-24))/((-5)/(-14))?
6
Suppose 15*l - 19*l + 2892 = 0. What is the remainder when l is divided by 25?
23
Let m = 5 - -31. Suppose 8 = -4*i, 0 = -g + 5*g - 4*i + m. Let t = g + 28. Calculate the remainder when t is divided by 6.
5
What is the remainder when (4/12)/(24/5688) is divided by 45?
34
Let j(h) = -h**2 + 4*h + 14. Let v be j(6). Suppose -v*r = 2 - 4. Suppose i - 8 = -6. What is the remainder when i is divided by r?
0
Suppose -3*v = 2*v - 775. Suppose 4*g = v - 39. Let b(a) = 4*a**3 - 110*a**2 + 58*a - 102. Calculate the remainder when g is divided by b(27).
5
Let p = 36 + -17. Let s = 10 + -10. Calculate the remainder when p is divided by (s - 1)/((-8)/80).
9
Let q(o) = o**2 + 7*o - 111. Calculate the remainder when 48 is divided by q(-15).
3
What is the remainder when (16 - (0 + 0))/(9/135) is divided by 41?
35
Suppose 4*n - 13 = -1, 0 = -2*q - 2*n + 8. Suppose -2 + 0 = -u, -5*x - 3 = -4*u. What is the remainder when q is divided by x?
0
Let x(p) = p**3 + 15*p**2 - 18*p - 13. What is the remainder when 73 is divided by x(-16)?
16
Let f(s) = -13*s + 5. Let g be f(-5). Suppose -3*z = 2*z - 5*v - g, 0 = 5*z + 5*v - 100. Calculate the remainder when 49 is divided by z.
15
Let r be -3 + (-2)/(3 - 5). Let x be 6 + 1/r*-6. Let u = x - 5. Calculate the remainder when 6 is divided by u.
2
Suppose -3*p + 26 = -3*a + 11, -3*p = 5*a - 39. Calculate the remainder when 653 is divided by p.
5
Suppose 0 = 5*m - 3*q - 135, -5*m + 0*q + 2*q + 140 = 0. Let p = m + -24. Calculate the remainder when 35 is divided by p.
5
Suppose -65 = -9*y + 25. What is the remainder when 44 + (y/35 - (-32)/(-14)) is divided by 9?
6
Let i = 143 - 46. Let g = 129 - i. Calculate the remainder when 223 is divided by g.
31
Suppose 10*o = 645 + 15. Calculate the remainder when o is divided by 24.
18
Suppose -8*z + 8 = -8. What is the remainder when 8 is divided by z?
0
Suppose 12*m = 10*m + 190. Suppose -2*j + 212 = 3*j + a, -3*a - m = -2*j. Calculate the remainder when j is divided by 9.
7
Suppose -25*i + 1068 = -9032. What is the remainder when i is divided by 34?
30
Suppose 4*m = -5*g + 63, -g = -4*g + 2*m + 29. Let o(f) = f**3 + 10*f**2 + 9*f + 3. Let r = 13 - 22. What is the remainder when g is divided by o(r)?
2
Calculate the remainder when 27 is divided by 242/15 - (-21)/(4725/(-30)).
11
Let x be (9*-8)/(1/(-1)). Suppose -27 = -l - 2*w, 4*w + x = -2*l + 6*l. What is the remainder when l is divided by 11?
10
Let k = -16 + 12. Let d = k + 20. Suppose -2*a - 122 = -3*j + 71, 25 = -5*a. What is the remainder when j is divided by d?
13
Calculate the remainder when 89 is divided by (6*(-8)/48)/((-1)/32).
25
Suppose -4*c - p = 78 - 189, p = 4*c - 105. Let d = 21 + -19. Suppose -4*q - u + 50 = -31, -q + d*u = -c. Calculate the remainder when 61 is divided by q.
19
Let h(d) = -1 + 7*d**2 - 7*d + 3*d + 4*d. Let t be h(1). Suppose 0*y + t = y. What is the remainder when 22 is divided by y?
4
Let d(l) = 85*l + 19. Let w be d(5). Let k = 742 - w. Calculate the remainder when k is divided by 60.
58
Let r = -78 - -107. Suppose -32*i + r*i + 555 = 0. What is the remainder when i is divided by 31?
30
Let f = 70 - 56. What is the remainder when (0 - (-4)/6)*99 is divided by f?
10
Let d(n) = -3*n + 48. Let s be -1 - (-72)/30*(-40)/(-6). What is the remainder when 12 is divided by d(s)?
0
Let r be 0*3*2/(-6). Suppose 16 = 3*a + m - 0*m, -3*a - 3*m + 24 = r. What is the remainder when a is divided by 4?
0
Suppose m + 14 - 30 = 0. Suppose -m*w = -18*w + 96. What is the remainder when w is divided by ((-1)/2)/(1/(-26))?
9
Let f(g) = -6*g + 4. Let d be f(-6). Suppose n + 2 = 2*n. Suppose 0*o - d = -n*o. What is the remainder when 38 is divided by o?
18
Calculate the remainder when (-4 + -113)/((-12)/36) is divided by 44.
43
Let b be -4 + 224/36 - 2/9. Suppose 5*z - 102 = -3*c, -2*c - 64 = -2*z - b*z. Calculate the remainder when 123 is divided by z.
15
Suppose 0 = -59*q + 65*q - 42. Calculate the remainder when q is divided by 5.
2
Let s = -532 + 735. What is the remainder when 614 is divided by s?
5
Let b = 38 + -19. Suppose -206 + 5 = -3*q. Calculate the remainder when q is divided by b.
10
Let t(p) = -p**3 - 74*p**2 - 76*p + 29. Calculate the remainder when t(-73) is divided by 42.
38
Suppose -o - 19 = -2*r, -3*r + 20 = -o - 1